lculate the greatest common factor of 2461 and 23.
23
Calculate the greatest common divisor of 429 and 39.
39
Calculate the greatest common factor of 21 and 75.
3
What is the greatest common divisor of 84 and 21?
21
Calculate the greatest common factor of 67 and 1.
1
What is the highest common divisor of 114 and 38?
38
What is the highest common divisor of 68 and 544?
68
What is the greatest common factor of 10 and 64?
2
What is the greatest common divisor of 168 and 112?
56
Calculate the greatest common divisor of 70 and 245.
35
What is the greatest common divisor of 1243 and 1808?
113
Calculate the greatest common factor of 21 and 2667.
21
What is the highest common factor of 50 and 75?
25
What is the highest common divisor of 32 and 2?
2
Calculate the greatest common divisor of 9104 and 32.
16
What is the highest common divisor of 632 and 16?
8
Calculate the highest common divisor of 64 and 1696.
32
What is the highest common divisor of 96 and 12252?
12
Calculate the greatest common factor of 76528 and 32.
16
What is the greatest common factor of 9 and 1479?
3
Calculate the greatest common divisor of 104 and 96.
8
What is the greatest common divisor of 15 and 105?
15
Calculate the highest common divisor of 25 and 1825.
25
What is the greatest common divisor of 1107 and 18?
9
What is the greatest common factor of 121 and 1100?
11
What is the greatest common factor of 328 and 41?
41
What is the highest common factor of 243 and 2997?
81
Calculate the highest common divisor of 336 and 42.
42
What is the highest common factor of 37 and 1554?
37
Calculate the greatest common divisor of 1342 and 44.
22
Calculate the greatest common divisor of 52 and 10244.
52
What is the highest common factor of 3 and 2589?
3
Calculate the highest common factor of 6655 and 110.
55
What is the greatest common factor of 66 and 2398?
22
What is the greatest common factor of 308 and 176?
44
What is the highest common divisor of 20 and 324?
4
What is the highest common divisor of 909 and 202?
101
Calculate the highest common divisor of 33 and 141.
3
Calculate the highest common factor of 400 and 112.
16
Calculate the greatest common factor of 22 and 143.
11
What is the highest common factor of 541 and 6?
1
What is the highest common divisor of 200 and 1850?
50
Calculate the greatest common divisor of 810 and 30.
30
What is the greatest common factor of 216 and 72?
72
What is the greatest common factor of 72 and 192?
24
Calculate the highest common divisor of 80 and 140.
20
What is the greatest common factor of 1112 and 3753?
139
Calculate the highest common factor of 589 and 38.
19
What is the greatest common divisor of 73 and 26207?
73
Calculate the highest common factor of 88 and 568.
8
Calculate the greatest common divisor of 11089 and 39.
13
Calculate the highest common factor of 2009 and 205.
41
Calculate the highest common factor of 4000 and 50.
50
Calculate the greatest common divisor of 24 and 465.
3
What is the highest common divisor of 1385 and 15?
5
What is the greatest common divisor of 18 and 102?
6
Calculate the greatest common factor of 270 and 190.
10
What is the greatest common divisor of 284 and 8?
4
Calculate the highest common factor of 39 and 871.
13
What is the highest common factor of 414 and 54?
18
What is the highest common divisor of 17760 and 288?
96
Calculate the greatest common divisor of 275 and 33.
11
Calculate the highest common factor of 24 and 924.
12
Calculate the highest common factor of 17 and 5729.
17
What is the highest common divisor of 84 and 168?
84
What is the greatest common factor of 361 and 380?
19
Calculate the greatest common divisor of 51 and 25704.
51
What is the highest common divisor of 3192 and 840?
168
Calculate the highest common factor of 189 and 693.
63
What is the highest common divisor of 638 and 493?
29
Calculate the greatest common factor of 14 and 742.
14
Calculate the highest common divisor of 40 and 5.
5
Calculate the highest common divisor of 119 and 391.
17
What is the highest common divisor of 104 and 13?
13
Calculate the greatest common divisor of 603 and 67.
67
What is the highest common divisor of 56 and 1652?
28
What is the highest common factor of 22 and 242?
22
Calculate the highest common divisor of 3696 and 1078.
154
Calculate the highest common factor of 2 and 170.
2
What is the highest common divisor of 16 and 2912?
16
What is the greatest common factor of 27 and 54?
27
What is the highest common divisor of 3672 and 1360?
136
Calculate the highest common divisor of 14297 and 34.
17
What is the greatest common factor of 14 and 1183?
7
Calculate the greatest common divisor of 117 and 18.
9
Calculate the greatest common divisor of 728 and 312.
104
Calculate the greatest common factor of 2142 and 378.
126
Calculate the highest common divisor of 8 and 712.
8
What is the highest common factor of 38 and 190?
38
What is the greatest common factor of 35 and 1505?
35
What is the greatest common factor of 26201 and 399?
133
What is the greatest common divisor of 198 and 220?
22
Calculate the highest common divisor of 306 and 1734.
102
Calculate the highest common factor of 101 and 404.
101
Calculate the highest common factor of 52 and 16.
4
Calculate the greatest common divisor of 989 and 43.
43
Calculate the highest common divisor of 7 and 3563.
7
Calculate the highest common divisor of 15 and 2505.
15
What is the highest common divisor of 36 and 192?
12
What is the greatest common factor of 826 and 28?
14
Calculate the greatest common divisor of 3101 and 14.
7
What is the greatest common divisor of 13569 and 3?
3
What is the greatest common divisor of 1400 and 9520?
280
What is the greatest common factor of 228 and 48?
12
What is the highest common divisor of 1150 and 10120?
230
Calculate the highest common divisor of 1919 and 3232.
101
What is the highest common factor of 299 and 104?
13
What is the greatest common factor of 477 and 99?
9
Calculate the greatest common factor of 14 and 1022.
14
What is the highest common factor of 18 and 206?
2
Calculate the greatest common divisor of 175 and 385.
35
What is the highest common divisor of 1593 and 413?
59
What is the greatest common divisor of 918 and 204?
102
Calculate the greatest common divisor of 30 and 2490.
30
Calculate the highest common factor of 27 and 2.
1
Calculate the greatest common divisor of 247 and 1742.
13
What is the greatest common factor of 314 and 10833?
157
What is the highest common factor of 28 and 2954?
14
What is the highest common divisor of 30 and 5190?
30
Calculate the greatest common divisor of 1296 and 243.
81
What is the highest common factor of 56 and 112?
56
Calculate the highest common factor of 93105 and 45.
45
Calculate the greatest common factor of 135 and 275.
5
What is the highest common divisor of 4 and 5468?
4
What is the greatest common divisor of 1128 and 264?
24
What is the highest common factor of 372 and 36?
12
Calculate the greatest common factor of 39 and 2379.
39
Calculate the greatest common factor of 51 and 4063.
17
What is the highest common factor of 872 and 16?
8
What is the highest common divisor of 6358 and 22?
22
Calculate the greatest common factor of 9 and 24.
3
Calculate the greatest common divisor of 75 and 405.
15
Calculate the highest common factor of 275 and 85.
5
Calculate the greatest common factor of 22 and 26.
2
What is the highest common factor of 125 and 225?
25
What is the highest common divisor of 609 and 203?
203
Calculate the greatest common factor of 102 and 200.
2
Calculate the highest common factor of 124 and 155.
31
Calculate the highest common divisor of 1 and 590.
1
Calculate the greatest common factor of 3 and 46.
1
Calculate the highest common divisor of 76 and 13775.
19
Calculate the highest common divisor of 775 and 50.
25
What is the greatest common divisor of 57 and 6?
3
What is the highest common divisor of 415 and 65?
5
What is the highest common divisor of 20 and 110?
10
Calculate the highest common divisor of 14464 and 128.
128
What is the greatest common factor of 260 and 1690?
130
Calculate the greatest common factor of 46 and 2162.
46
Calculate the greatest common factor of 30 and 678.
6
Calculate the highest common factor of 6895 and 20.
5
Calculate the g